ue
Is 138235 composite?
True
Is 38113 prime?
True
Is 678401 a prime number?
True
Is 3065 a prime number?
False
Is 180133 prime?
False
Is 1633 a composite number?
True
Is 28909 a composite number?
False
Is 186889 composite?
False
Is 67909 composite?
True
Is 11657 composite?
False
Is 1363 a composite number?
True
Is 228269 prime?
False
Is 8497 a composite number?
True
Is 9007 composite?
False
Is 66337 a composite number?
False
Is 232429 prime?
False
Is 24191 prime?
False
Is 75833 a prime number?
True
Is 180589 prime?
False
Is 521237 composite?
True
Is 3883 prime?
False
Is 21179 prime?
True
Is 165931 a composite number?
False
Is 2784758 composite?
True
Is 514223 a prime number?
False
Is 578453 a composite number?
False
Is 31919 prime?
False
Is 244939 a prime number?
True
Is 476783 composite?
False
Is 165367 prime?
True
Is 18355 prime?
False
Is 45427 prime?
True
Is 2092381 a composite number?
False
Is 22229 a prime number?
True
Is 67057 prime?
True
Is 32677 a prime number?
False
Is 734581 prime?
False
Is 1728397 a composite number?
True
Is 139985 a composite number?
True
Is 11539 a prime number?
False
Is 5779 composite?
False
Is 2293067 a composite number?
True
Is 10949 prime?
True
Is 13011 a prime number?
False
Is 1159201 a prime number?
True
Is 27731 prime?
False
Is 51565 a composite number?
True
Is 8719 a prime number?
True
Is 89 a prime number?
True
Is 15191 composite?
True
Is 614 prime?
False
Is 15793 a prime number?
False
Is 6515129 composite?
False
Is 96839 a prime number?
False
Is 5147 a prime number?
True
Is 176401 a composite number?
False
Is 14369 composite?
False
Is 75014 prime?
False
Is 17093 a composite number?
False
Is 763723 a prime number?
False
Is 1073 a prime number?
False
Is 2897 composite?
False
Is 106231 composite?
True
Is 306895 prime?
False
Is 125591 a composite number?
False
Is 2017 a composite number?
False
Is 5381 a prime number?
True
Is 16411 a composite number?
False
Is 6883 a composite number?
False
Is 140095 a prime number?
False
Is 390953 a composite number?
False
Is 83537 composite?
False
Is 512797 a composite number?
False
Is 267005 a prime number?
False
Is 20059 a composite number?
True
Is 673 a composite number?
False
Is 99823 a prime number?
True
Is 13789 a composite number?
False
Is 5501 prime?
True
Is 454451 prime?
True
Is 39307 composite?
True
Is 233617 a prime number?
True
Is 11967 prime?
False
Is 2053 a composite number?
False
Is 737231 a composite number?
True
Is 619967 composite?
False
Is 30727 composite?
False
Is 3620797 prime?
False
Is 781 prime?
False
Is 5071 prime?
False
Is 21247 a composite number?
False
Is 1415149 a composite number?
True
Is 6263 composite?
False
Is 3418 prime?
False
Is 167471 prime?
True
Is 263537 a prime number?
True
Is 31879 composite?
True
Is 2007851 a prime number?
True
Is 232049 a composite number?
False
Is 36289 a prime number?
False
Is 8221 a prime number?
True
Is 70197 a composite number?
True
Is 3046 a prime number?
False
Is 3881951 composite?
False
Is 1765013 a prime number?
True
Is 134807 a prime number?
True
Is 253562 a prime number?
False
Is 14219 composite?
True
Is 719 composite?
False
Is 198509 a composite number?
True
Is 272807 prime?
True
Is 34462 a composite number?
True
Is 9007 composite?
False
Is 15541 prime?
True
Is 331817 a prime number?
False
Is 829779 a prime number?
False
Is 90499 composite?
False
Is 11249 a prime number?
False
Is 411231 a prime number?
False
Is 175943 composite?
True
Is 12047 a prime number?
False
Is 94495 a prime number?
False
Is 2819 composite?
False
Is 1841 prime?
False
Is 39361 a composite number?
True
Is 28939 a composite number?
True
Is 135829 prime?
True
Is 34211 prime?
True
Is 2579 a composite number?
False
Is 5737 a composite number?
False
Is 767 a prime number?
False
Is 232867 prime?
False
Is 37441 a prime number?
True
Is 11113 a prime number?
True
Is 60353 a composite number?
False
Is 41161 composite?
False
Is 32203 composite?
False
Is 625097 composite?
True
Is 6667 composite?
True
Is 509941 a prime number?
False
Is 12251 composite?
False
Is 5737 prime?
True
Is 109913 prime?
True
Is 7817 composite?
False
Is 5623 a composite number?
False
Is 9967 prime?
True
Is 30011 a prime number?
True
Is 16438 a prime number?
False
Is 367273 composite?
False
Is 44111 a composite number?
False
Is 2112139 prime?
True
Is 75497 prime?
False
Is 2632601 a composite number?
False
Is 11731 composite?
False
Is 10237 a prime number?
False
Is 199921 a prime number?
True
Is 45091 composite?
True
Is 1481 composite?
False
Is 233641 composite?
False
Is 120331 a composite number?
False
Is 191207 prime?
False
Is 3277 a composite number?
True
Is 457817 composite?
False
Is 14369 a prime number?
True
Is 521 composite?
False
Is 38667 prime?
False
Is 19083 a composite number?
True
Is 86677 a prime number?
True
Is 22915 a prime number?
False
Is 26021 composite?
False
Is 824062 composite?
True
Is 493 prime?
False
Is 31987 a composite number?
True
Is 31451 prime?
False
Is 162359 prime?
True
Is 87303 a composite number?
True
Is 10901 a prime number?
False
Is 5461 a prime number?
False
Is 70271 a prime number?
True
Is 426287 a composite number?
False
Is 25219 a prime number?
True
Is 14503 a prime number?
True
Is 50411 prime?
True
Is 141031 composite?
True
Is 575303 composite?
False
Is 1091 composite?
False
Is 3785 a composite number?
True
Is 5554 a composite number?
True
Is 53709 a composite number?
True
Is 31483 prime?
False
Is 42589 composite?
False
Is 23099 a prime number?
True
Is 15689 prime?
False
Is 14281 a prime number?
True
Is 28349 composite?
False
Is 38707 a prime number?
True
Is 4583 composite?
False
Is 136361 composite?
False
Is 255551 a prime number?
True
Is 56517 a composite number?
True
Is 23299 composite?
True
Is 17203 a prime number?
True
Is 15917 composite?
True
Is 111043 prime?
True
Is 32455 a prime number?
False
Is 9667 composite?
True
Is 1151 a composite number?
False
Is 39007 a composite number?
True
Is 32399 prime?
False
Is 100679 a composite number?
True
Is 1582877 a composite number?
False
Is 141373 composite?
True
Is 297757 prime?
True
Is 194 a composite number?
True
Is 51533 a prime number?
False
Is 4679 a prime number?
True
Is 10037 a prime number?
True
Is 12531 a composite number?
True
Is 40277 prime?
True
Is 17455 a prime number?
False
Is 8986 a prime number?
False
Is 21943 a composite number?
False
Is 75311 composite?
True
Is 522943 prime?
True
Is 22691 a composite number?
False
Is 179981 a composite number?
False
Is 4385 prime?
False
Is 89731 prime?
False
Is 379 composite?
False
Is 47053 prime?
False
Is 7401 a composite number?
True
Is 266153 composite?
False
Is 5699 prime?
False
Is 505282 prime?
False
Is 4637 a prime number?
True
Is 6737 composite?
False
Is 634193 a prime number?
False
Is 549077 prime?
False
Is 2665945 prime?
False
Is 701 a composite number?
False
Is 78797 composite?
False
Is 277 a composite number?
False
Is 163393 a composite number?
False
Is 3194 composite?
True
Is 318781 prime?
True
Is 149993 a composite number?
False
Is 417751 a composite number?
False
Is 13597 composite?
False
Is 58099 a composite number?
False
Is 64957 prime?
False
Is 143123 a composite number?
True
Is 879 a prime number?
False
Is 87613 prime?
True
Is 16151 prime?
False
Is 160187 a prime number?
False
Is 419 a composite number?
False
Is 839 a prime number?
True
Is 16723 a composite number?
True
Is 123601 composite?
False
Is 27427 a composite number?
False
Is 8098 composite?
True
Is 42243 composite?
True
Is 944155 prime?
False
Is 74743 a prime number?
False
Is 38777 composite?
True
Is 8329 composite?
False
Is 203531 a prime number?
True
Is 4397 prime?
True
Is 4109 a composite number?
True
Is 2538155 composite?
True
Is 66403 a prime number?
True
Is 5951 composite?
True
Is 164953 a composite number?
False
Is 35671 a prime number?
True
Is 309373 prime?
False
Is 667 a composite number?
True
Is 4847 a prime number?
False
Is 78586 a composite number?
True
Is 46381 composite?
False
Is 96947 composite?
True
Is 240659 a composite number?
False
Is 19711 a prime number?
False
Is 30329 composite?
True
Is 284542 composite?
True
Is 230081 a composite number?
False
Is 21001 prime?
True
Is 304631 a composite number?
False
Is 21677 a prime number?
False
Is 138